{"id":4322,"date":"2024-11-19T02:40:02","date_gmt":"2024-11-19T07:40:02","guid":{"rendered":"https:\/\/consutic.com\/?page_id=4322"},"modified":"2025-01-09T14:48:39","modified_gmt":"2025-01-09T19:48:39","slug":"conectividad-3","status":"publish","type":"page","link":"https:\/\/consutic.com\/?page_id=4322","title":{"rendered":"Conectividad"},"content":{"rendered":"\t\t<div data-elementor-type=\"wp-page\" data-elementor-id=\"4322\" class=\"elementor elementor-4322\" data-elementor-post-type=\"page\">\n\t\t\t\t<div class=\"elementor-element elementor-element-5ef0282 e-flex e-con-boxed e-con e-parent\" data-id=\"5ef0282\" data-element_type=\"container\">\n\t\t\t\t\t<div class=\"e-con-inner\">\n\t\t\t\t<div class=\"elementor-element elementor-element-5effe16 elementor-widget elementor-widget-text-editor\" data-id=\"5effe16\" data-element_type=\"widget\" data-widget_type=\"text-editor.default\">\n\t\t\t\t<div class=\"elementor-widget-container\">\n\t\t\t\t\t\t\t\t\t\t\t<div data-elementor-type=\"wp-post\" data-elementor-id=\"1504\" class=\"elementor elementor-1504\" data-elementor-post-type=\"elementor-hf\">\n\t\t\t\t\t\t<section class=\"elementor-section elementor-top-section elementor-element elementor-element-7f2f9527 elementor-section-full_width elementor-section-height-min-height elementor-section-stretched ops-section page-title-head elementor-section-items-bottom elementor-section-height-default\" data-id=\"7f2f9527\" data-element_type=\"section\" data-settings=\"{&quot;stretch_section&quot;:&quot;section-stretched&quot;,&quot;background_background&quot;:&quot;classic&quot;,&quot;ekit_has_onepagescroll&quot;:&quot;section&quot;}\">\n\t\t\t\t\t\t<div class=\"elementor-container elementor-column-gap-no\">\n\t\t\t\t\t<div class=\"elementor-column elementor-col-100 elementor-top-column elementor-element elementor-element-62fda071\" data-id=\"62fda071\" data-element_type=\"column\">\n\t\t\t<div class=\"elementor-widget-wrap elementor-element-populated\">\n\t\t\t\t\t\t<section class=\"elementor-section elementor-inner-section elementor-element elementor-element-2072b772 elementor-section-height-min-height elementor-section-full_width elementor-section-height-default elementor-invisible\" data-id=\"2072b772\" data-element_type=\"section\" data-settings=\"{&quot;background_background&quot;:&quot;classic&quot;,&quot;animation&quot;:&quot;fadeIn&quot;}\">\n\t\t\t\t\t\t<div class=\"elementor-container elementor-column-gap-no\">\n\t\t\t\t\t<div class=\"elementor-column elementor-col-100 elementor-inner-column elementor-element elementor-element-6474316\" data-id=\"6474316\" data-element_type=\"column\">\n\t\t\t<div class=\"elementor-widget-wrap elementor-element-populated\">\n\t\t\t\t\t\t<div class=\"elementor-element elementor-element-fd88da8 elementor-widget elementor-widget-page-title\" data-id=\"fd88da8\" data-element_type=\"widget\" data-settings=\"{&quot;align&quot;:&quot;center&quot;}\" data-widget_type=\"page-title.default\">\n\t\t\t\t<div class=\"elementor-widget-container\">\n\t\t\t\t\t\t\t\n\t\t<div class=\"hfe-page-title hfe-page-title-wrapper elementor-widget-heading\">\n\n\t\t\t\t\t\t\t\t<h2 class=\"elementor-heading-title elementor-size-default\">\n\t\t\t\t\t\t\t\t\n\t\t\t\tConectividad  \n\t\t\t<\/h2 > \n\t\t\t\t\t<\/div>\n\t\t\t\t\t\t<\/div>\n\t\t\t\t<\/div>\n\t\t\t\t\t<\/div>\n\t\t<\/div>\n\t\t\t\t\t<\/div>\n\t\t<\/section>\n\t\t\t\t\t<\/div>\n\t\t<\/div>\n\t\t\t\t\t<\/div>\n\t\t<\/section>\n\t\t\t\t<\/div>\n\t\t\t\t\t\t\t\t\t\t<\/div>\n\t\t\t\t<\/div>\n\t\t\t\t\t<\/div>\n\t\t\t\t<\/div>\n\t\t<div class=\"elementor-element elementor-element-cf14cde e-flex e-con-boxed e-con e-parent\" data-id=\"cf14cde\" data-element_type=\"container\">\n\t\t\t\t\t<div class=\"e-con-inner\">\n\t\t\t\t<div class=\"elementor-element elementor-element-ea92524 elementor-widget elementor-widget-text-editor\" data-id=\"ea92524\" data-element_type=\"widget\" data-widget_type=\"text-editor.default\">\n\t\t\t\t<div class=\"elementor-widget-container\">\n\t\t\t\t\t\t\t\t\t<p><span style=\"font-weight: 400;\">Los kits de conectividad permiten que las personas y equipos se mantengan conectados de manera f\u00e1cil y eficiente, sin importar d\u00f3nde se encuentren. Un eKit es un conjunto de dispositivos y herramientas dise\u00f1ados para garantizar que puedas acceder a internet y a tus sistemas de trabajo desde cualquier lugar, de manera r\u00e1pida y segura. Esto incluye desde dispositivos de red, puntos de acceso, hasta equipos para videoconferencias o colaboraci\u00f3n en l\u00ednea. Con los eKits, las empresas y usuarios pueden disfrutar de una conexi\u00f3n estable y de alta calidad, mejorando la comunicaci\u00f3n y el trabajo a distancia sin complicaciones.<\/span><\/p>\t\t\t\t\t\t\t\t<\/div>\n\t\t\t\t<\/div>\n\t\t\t\t\t<\/div>\n\t\t\t\t<\/div>\n\t\t<div class=\"elementor-element elementor-element-030e573 e-flex e-con-boxed e-con e-parent\" data-id=\"030e573\" data-element_type=\"container\">\n\t\t\t\t\t<div class=\"e-con-inner\">\n\t\t<div class=\"elementor-element elementor-element-86e9841 e-con-full e-flex e-con e-child\" data-id=\"86e9841\" data-element_type=\"container\">\n\t\t\t\t<div class=\"elementor-element elementor-element-2e4ae3e elementor-widget elementor-widget-image\" data-id=\"2e4ae3e\" data-element_type=\"widget\" data-widget_type=\"image.default\">\n\t\t\t\t<div class=\"elementor-widget-container\">\n\t\t\t\t\t\t\t\t\t\t\t\t\t\t\t\t<a href=\"?pwb-brand=huawei\">\n\t\t\t\t\t\t\t<img fetchpriority=\"high\" decoding=\"async\" width=\"600\" height=\"131\" src=\"https:\/\/consutic.com\/wp-content\/uploads\/2024\/11\/logo-huawei-letras-negras-600x131.png\" class=\"attachment-woocommerce_single size-woocommerce_single wp-image-5820\" alt=\"\" srcset=\"https:\/\/consutic.com\/wp-content\/uploads\/2024\/11\/logo-huawei-letras-negras-600x131.png 600w, https:\/\/consutic.com\/wp-content\/uploads\/2024\/11\/logo-huawei-letras-negras-300x66.png 300w, https:\/\/consutic.com\/wp-content\/uploads\/2024\/11\/logo-huawei-letras-negras-1024x224.png 1024w, https:\/\/consutic.com\/wp-content\/uploads\/2024\/11\/logo-huawei-letras-negras-768x168.png 768w, https:\/\/consutic.com\/wp-content\/uploads\/2024\/11\/logo-huawei-letras-negras-1536x336.png 1536w, https:\/\/consutic.com\/wp-content\/uploads\/2024\/11\/logo-huawei-letras-negras-2048x448.png 2048w, https:\/\/consutic.com\/wp-content\/uploads\/2024\/11\/logo-huawei-letras-negras-64x14.png 64w\" sizes=\"(max-width: 600px) 100vw, 600px\" \/>\t\t\t\t\t\t\t\t<\/a>\n\t\t\t\t\t\t\t\t\t\t\t\t\t\t\t<\/div>\n\t\t\t\t<\/div>\n\t\t\t\t<\/div>\n\t\t\t\t\t<\/div>\n\t\t\t\t<\/div>\n\t\t<div class=\"elementor-element elementor-element-c66b3c4 e-flex e-con-boxed e-con e-parent\" data-id=\"c66b3c4\" data-element_type=\"container\">\n\t\t\t\t\t<div class=\"e-con-inner\">\n\t\t<div class=\"elementor-element elementor-element-dd029d1 e-con-full e-flex e-con e-child\" data-id=\"dd029d1\" data-element_type=\"container\">\n\t\t<div class=\"elementor-element elementor-element-66076e5 e-grid e-con-full e-con e-child\" data-id=\"66076e5\" data-element_type=\"container\">\n\t\t\t\t<div class=\"elementor-element elementor-element-215bd53 ekit-equal-height-enable elementor-widget elementor-widget-elementskit-image-box\" data-id=\"215bd53\" data-element_type=\"widget\" data-widget_type=\"elementskit-image-box.default\">\n\t\t\t\t<div class=\"elementor-widget-container\">\n\t\t\t\t\t<div class=\"ekit-wid-con\" >\n            <div class=\"elementskit-info-image-box ekit-image-box text-center hover_from_left hover-border-bottom\" >\n\n                <a href=\"?product_cat=access-point\">\n                <div class=\"elementskit-box-header image-box-img-center\">\n\n                    <img decoding=\"async\" width=\"200\" height=\"200\" src=\"https:\/\/consutic.com\/wp-content\/uploads\/2024\/11\/AP371_1-1-200x200.png\" class=\"attachment-woocommerce_thumbnail size-woocommerce_thumbnail wp-image-6538\" alt=\"\" srcset=\"https:\/\/consutic.com\/wp-content\/uploads\/2024\/11\/AP371_1-1-200x200.png 200w, https:\/\/consutic.com\/wp-content\/uploads\/2024\/11\/AP371_1-1-150x150.png 150w, https:\/\/consutic.com\/wp-content\/uploads\/2024\/11\/AP371_1-1-100x100.png 100w\" sizes=\"(max-width: 200px) 100vw, 200px\" \/>\n                <\/div>\n                <\/a>\n                <div class=\"elementskit-box-body ekit-image-box-body\">\n                    <div class=\"elementskit-box-content ekit-image-box-body-inner\">\n                                                <h3 class=\"elementskit-info-box-title\">\n\n                        Access Point\n                        \n                    <\/h3>\n                                                        <\/div>\n\n                            <\/div>\n            <\/div>\n    <\/div>\t\t\t\t<\/div>\n\t\t\t\t<\/div>\n\t\t\t\t<div class=\"elementor-element elementor-element-25ed3ec ekit-equal-height-enable elementor-widget elementor-widget-elementskit-image-box\" data-id=\"25ed3ec\" data-element_type=\"widget\" data-widget_type=\"elementskit-image-box.default\">\n\t\t\t\t<div class=\"elementor-widget-container\">\n\t\t\t\t\t<div class=\"ekit-wid-con\" >\n            <div class=\"elementskit-info-image-box ekit-image-box text-center hover_from_left hover-border-bottom\" >\n\n                <a href=\"?product_cat=routers\">\n                <div class=\"elementskit-box-header image-box-img-center\">\n\n                    <img decoding=\"async\" width=\"200\" height=\"200\" src=\"https:\/\/consutic.com\/wp-content\/uploads\/2024\/11\/AR720_1-1-200x200.png\" class=\"attachment-woocommerce_thumbnail size-woocommerce_thumbnail wp-image-6568\" alt=\"\" srcset=\"https:\/\/consutic.com\/wp-content\/uploads\/2024\/11\/AR720_1-1-200x200.png 200w, https:\/\/consutic.com\/wp-content\/uploads\/2024\/11\/AR720_1-1-150x150.png 150w, https:\/\/consutic.com\/wp-content\/uploads\/2024\/11\/AR720_1-1-100x100.png 100w\" sizes=\"(max-width: 200px) 100vw, 200px\" \/>\n                <\/div>\n                <\/a>\n                <div class=\"elementskit-box-body ekit-image-box-body\">\n                    <div class=\"elementskit-box-content ekit-image-box-body-inner\">\n                                                <h3 class=\"elementskit-info-box-title\">\n\n                        Routers\n                        \n                    <\/h3>\n                                                            <div class=\"elementskit-box-style-content\">\n                                             <\/div>\n                                    <\/div>\n\n                            <\/div>\n            <\/div>\n    <\/div>\t\t\t\t<\/div>\n\t\t\t\t<\/div>\n\t\t\t\t<div class=\"elementor-element elementor-element-b301bb6 ekit-equal-height-enable elementor-widget elementor-widget-elementskit-image-box\" data-id=\"b301bb6\" data-element_type=\"widget\" data-widget_type=\"elementskit-image-box.default\">\n\t\t\t\t<div class=\"elementor-widget-container\">\n\t\t\t\t\t<div class=\"ekit-wid-con\" >\n            <div class=\"elementskit-info-image-box ekit-image-box text-center hover_from_left hover-border-bottom\" >\n\n                <a href=\"?product_cat=switchers\">\n                <div class=\"elementskit-box-header image-box-img-center\">\n\n                    <img loading=\"lazy\" decoding=\"async\" width=\"200\" height=\"200\" src=\"https:\/\/consutic.com\/wp-content\/uploads\/2024\/11\/S53024ST4XE_1-1-200x200.png\" class=\"attachment-woocommerce_thumbnail size-woocommerce_thumbnail wp-image-6612\" alt=\"\" srcset=\"https:\/\/consutic.com\/wp-content\/uploads\/2024\/11\/S53024ST4XE_1-1-200x200.png 200w, https:\/\/consutic.com\/wp-content\/uploads\/2024\/11\/S53024ST4XE_1-1-150x150.png 150w, https:\/\/consutic.com\/wp-content\/uploads\/2024\/11\/S53024ST4XE_1-1-100x100.png 100w\" sizes=\"(max-width: 200px) 100vw, 200px\" \/>\n                <\/div>\n                <\/a>\n                <div class=\"elementskit-box-body ekit-image-box-body\">\n                    <div class=\"elementskit-box-content ekit-image-box-body-inner\">\n                                                <h3 class=\"elementskit-info-box-title\">\n\n                        Switchers\n                        \n                    <\/h3>\n                                                        <\/div>\n\n                            <\/div>\n            <\/div>\n    <\/div>\t\t\t\t<\/div>\n\t\t\t\t<\/div>\n\t\t\t\t<div class=\"elementor-element elementor-element-2802f17 ekit-equal-height-enable elementor-widget elementor-widget-elementskit-image-box\" data-id=\"2802f17\" data-element_type=\"widget\" data-widget_type=\"elementskit-image-box.default\">\n\t\t\t\t<div class=\"elementor-widget-container\">\n\t\t\t\t\t<div class=\"ekit-wid-con\" >\n            <div class=\"elementskit-info-image-box ekit-image-box text-center hover_from_left hover-border-bottom\" >\n\n                <a href=\"?product_cat=controladores-de-acceso-inalambrico\">\n                <div class=\"elementskit-box-header image-box-img-center\">\n\n                    <img loading=\"lazy\" decoding=\"async\" width=\"200\" height=\"200\" src=\"https:\/\/consutic.com\/wp-content\/uploads\/2024\/11\/AC650-256AP_1-1-200x200.png\" class=\"attachment-woocommerce_thumbnail size-woocommerce_thumbnail wp-image-6635\" alt=\"\" srcset=\"https:\/\/consutic.com\/wp-content\/uploads\/2024\/11\/AC650-256AP_1-1-200x200.png 200w, https:\/\/consutic.com\/wp-content\/uploads\/2024\/11\/AC650-256AP_1-1-150x150.png 150w, https:\/\/consutic.com\/wp-content\/uploads\/2024\/11\/AC650-256AP_1-1-100x100.png 100w\" sizes=\"(max-width: 200px) 100vw, 200px\" \/>\n                <\/div>\n                <\/a>\n                <div class=\"elementskit-box-body ekit-image-box-body\">\n                    <div class=\"elementskit-box-content ekit-image-box-body-inner\">\n                                                <h3 class=\"elementskit-info-box-title\">\n\n                        Controladores de acceso inal\u00e1mbrico\n                        \n                    <\/h3>\n                                                        <\/div>\n\n                            <\/div>\n            <\/div>\n    <\/div>\t\t\t\t<\/div>\n\t\t\t\t<\/div>\n\t\t\t\t<\/div>\n\t\t\t\t<\/div>\n\t\t\t\t\t<\/div>\n\t\t\t\t<\/div>\n\t\t\t\t<\/div>\n\t\t","protected":false},"excerpt":{"rendered":"<p>Los kits de conectividad permiten que las personas y equipos se mantengan conectados de manera f\u00e1cil y eficiente, sin importar [&hellip;]<\/p>\n","protected":false},"author":2,"featured_media":0,"parent":3899,"menu_order":0,"comment_status":"closed","ping_status":"closed","template":"","meta":{"site-sidebar-layout":"no-sidebar","site-content-layout":"","ast-site-content-layout":"full-width-container","site-content-style":"default","site-sidebar-style":"default","ast-global-header-display":"","ast-banner-title-visibility":"","ast-main-header-display":"","ast-hfb-above-header-display":"","ast-hfb-below-header-display":"","ast-hfb-mobile-header-display":"","site-post-title":"disabled","ast-breadcrumbs-content":"","ast-featured-img":"disabled","footer-sml-layout":"","theme-transparent-header-meta":"default","adv-header-id-meta":"","stick-header-meta":"","header-above-stick-meta":"","header-main-stick-meta":"","header-below-stick-meta":"","astra-migrate-meta-layouts":"set","ast-page-background-enabled":"default","ast-page-background-meta":{"desktop":{"background-color":"var(--ast-global-color-4)","background-image":"","background-repeat":"repeat","background-position":"center center","background-size":"auto","background-attachment":"scroll","background-type":"","background-media":"","overlay-type":"","overlay-color":"","overlay-opacity":"","overlay-gradient":""},"tablet":{"background-color":"","background-image":"","background-repeat":"repeat","background-position":"center center","background-size":"auto","background-attachment":"scroll","background-type":"","background-media":"","overlay-type":"","overlay-color":"","overlay-opacity":"","overlay-gradient":""},"mobile":{"background-color":"","background-image":"","background-repeat":"repeat","background-position":"center center","background-size":"auto","background-attachment":"scroll","background-type":"","background-media":"","overlay-type":"","overlay-color":"","overlay-opacity":"","overlay-gradient":""}},"ast-content-background-meta":{"desktop":{"background-color":"var(--ast-global-color-5)","background-image":"","background-repeat":"repeat","background-position":"center center","background-size":"auto","background-attachment":"scroll","background-type":"","background-media":"","overlay-type":"","overlay-color":"","overlay-opacity":"","overlay-gradient":""},"tablet":{"background-color":"var(--ast-global-color-5)","background-image":"","background-repeat":"repeat","background-position":"center center","background-size":"auto","background-attachment":"scroll","background-type":"","background-media":"","overlay-type":"","overlay-color":"","overlay-opacity":"","overlay-gradient":""},"mobile":{"background-color":"var(--ast-global-color-5)","background-image":"","background-repeat":"repeat","background-position":"center center","background-size":"auto","background-attachment":"scroll","background-type":"","background-media":"","overlay-type":"","overlay-color":"","overlay-opacity":"","overlay-gradient":""}},"footnotes":""},"class_list":["post-4322","page","type-page","status-publish","hentry"],"yoast_head":"<!-- This site is optimized with the Yoast SEO plugin v25.6 - https:\/\/yoast.com\/wordpress\/plugins\/seo\/ -->\n<title>Conectividad - CONSUTIC<\/title>\n<meta name=\"robots\" content=\"index, follow, max-snippet:-1, max-image-preview:large, max-video-preview:-1\" \/>\n<link rel=\"canonical\" href=\"https:\/\/consutic.com\/?page_id=4322\" \/>\n<meta property=\"og:locale\" content=\"es_ES\" \/>\n<meta property=\"og:type\" content=\"article\" \/>\n<meta property=\"og:title\" content=\"Conectividad - CONSUTIC\" \/>\n<meta property=\"og:description\" content=\"Los kits de conectividad permiten que las personas y equipos se mantengan conectados de manera f\u00e1cil y eficiente, sin importar [&hellip;]\" \/>\n<meta property=\"og:url\" content=\"https:\/\/consutic.com\/?page_id=4322\" \/>\n<meta property=\"og:site_name\" content=\"CONSUTIC\" \/>\n<meta property=\"article:modified_time\" content=\"2025-01-09T19:48:39+00:00\" \/>\n<meta property=\"og:image\" content=\"https:\/\/consutic.com\/wp-content\/uploads\/2024\/11\/logo-huawei-letras-negras-600x131.png\" \/>\n<meta name=\"twitter:card\" content=\"summary_large_image\" \/>\n<meta name=\"twitter:label1\" content=\"Est. reading time\" \/>\n\t<meta name=\"twitter:data1\" content=\"2 minutos\" \/>\n<script type=\"application\/ld+json\" class=\"yoast-schema-graph\">{\"@context\":\"https:\/\/schema.org\",\"@graph\":[{\"@type\":\"WebPage\",\"@id\":\"https:\/\/consutic.com\/?page_id=4322\",\"url\":\"https:\/\/consutic.com\/?page_id=4322\",\"name\":\"Conectividad - CONSUTIC\",\"isPartOf\":{\"@id\":\"https:\/\/consutic.com\/#website\"},\"primaryImageOfPage\":{\"@id\":\"https:\/\/consutic.com\/?page_id=4322#primaryimage\"},\"image\":{\"@id\":\"https:\/\/consutic.com\/?page_id=4322#primaryimage\"},\"thumbnailUrl\":\"https:\/\/consutic.com\/wp-content\/uploads\/2024\/11\/logo-huawei-letras-negras-600x131.png\",\"datePublished\":\"2024-11-19T07:40:02+00:00\",\"dateModified\":\"2025-01-09T19:48:39+00:00\",\"breadcrumb\":{\"@id\":\"https:\/\/consutic.com\/?page_id=4322#breadcrumb\"},\"inLanguage\":\"es\",\"potentialAction\":[{\"@type\":\"ReadAction\",\"target\":[\"https:\/\/consutic.com\/?page_id=4322\"]}]},{\"@type\":\"ImageObject\",\"inLanguage\":\"es\",\"@id\":\"https:\/\/consutic.com\/?page_id=4322#primaryimage\",\"url\":\"https:\/\/consutic.com\/wp-content\/uploads\/2024\/11\/logo-huawei-letras-negras.png\",\"contentUrl\":\"https:\/\/consutic.com\/wp-content\/uploads\/2024\/11\/logo-huawei-letras-negras.png\",\"width\":3391,\"height\":742},{\"@type\":\"BreadcrumbList\",\"@id\":\"https:\/\/consutic.com\/?page_id=4322#breadcrumb\",\"itemListElement\":[{\"@type\":\"ListItem\",\"position\":1,\"name\":\"Portada\",\"item\":\"https:\/\/consutic.com\/\"},{\"@type\":\"ListItem\",\"position\":2,\"name\":\"Productos\",\"item\":\"https:\/\/consutic.com\/?page_id=3899\"},{\"@type\":\"ListItem\",\"position\":3,\"name\":\"Conectividad\"}]},{\"@type\":\"WebSite\",\"@id\":\"https:\/\/consutic.com\/#website\",\"url\":\"https:\/\/consutic.com\/\",\"name\":\"CONSUTIC\",\"description\":\"Innovando servicios y soluciones para su empresa\",\"publisher\":{\"@id\":\"https:\/\/consutic.com\/#organization\"},\"potentialAction\":[{\"@type\":\"SearchAction\",\"target\":{\"@type\":\"EntryPoint\",\"urlTemplate\":\"https:\/\/consutic.com\/?s={search_term_string}\"},\"query-input\":{\"@type\":\"PropertyValueSpecification\",\"valueRequired\":true,\"valueName\":\"search_term_string\"}}],\"inLanguage\":\"es\"},{\"@type\":\"Organization\",\"@id\":\"https:\/\/consutic.com\/#organization\",\"name\":\"CONSUTIC\",\"url\":\"https:\/\/consutic.com\/\",\"logo\":{\"@type\":\"ImageObject\",\"inLanguage\":\"es\",\"@id\":\"https:\/\/consutic.com\/#\/schema\/logo\/image\/\",\"url\":\"https:\/\/consutic.com\/wp-content\/uploads\/2024\/06\/logo-horizontal.png\",\"contentUrl\":\"https:\/\/consutic.com\/wp-content\/uploads\/2024\/06\/logo-horizontal.png\",\"width\":1182,\"height\":289,\"caption\":\"CONSUTIC\"},\"image\":{\"@id\":\"https:\/\/consutic.com\/#\/schema\/logo\/image\/\"}}]}<\/script>\n<!-- \/ Yoast SEO plugin. -->","yoast_head_json":{"title":"Conectividad - CONSUTIC","robots":{"index":"index","follow":"follow","max-snippet":"max-snippet:-1","max-image-preview":"max-image-preview:large","max-video-preview":"max-video-preview:-1"},"canonical":"https:\/\/consutic.com\/?page_id=4322","og_locale":"es_ES","og_type":"article","og_title":"Conectividad - CONSUTIC","og_description":"Los kits de conectividad permiten que las personas y equipos se mantengan conectados de manera f\u00e1cil y eficiente, sin importar [&hellip;]","og_url":"https:\/\/consutic.com\/?page_id=4322","og_site_name":"CONSUTIC","article_modified_time":"2025-01-09T19:48:39+00:00","og_image":[{"url":"https:\/\/consutic.com\/wp-content\/uploads\/2024\/11\/logo-huawei-letras-negras-600x131.png","type":"","width":"","height":""}],"twitter_card":"summary_large_image","twitter_misc":{"Est. reading time":"2 minutos"},"schema":{"@context":"https:\/\/schema.org","@graph":[{"@type":"WebPage","@id":"https:\/\/consutic.com\/?page_id=4322","url":"https:\/\/consutic.com\/?page_id=4322","name":"Conectividad - CONSUTIC","isPartOf":{"@id":"https:\/\/consutic.com\/#website"},"primaryImageOfPage":{"@id":"https:\/\/consutic.com\/?page_id=4322#primaryimage"},"image":{"@id":"https:\/\/consutic.com\/?page_id=4322#primaryimage"},"thumbnailUrl":"https:\/\/consutic.com\/wp-content\/uploads\/2024\/11\/logo-huawei-letras-negras-600x131.png","datePublished":"2024-11-19T07:40:02+00:00","dateModified":"2025-01-09T19:48:39+00:00","breadcrumb":{"@id":"https:\/\/consutic.com\/?page_id=4322#breadcrumb"},"inLanguage":"es","potentialAction":[{"@type":"ReadAction","target":["https:\/\/consutic.com\/?page_id=4322"]}]},{"@type":"ImageObject","inLanguage":"es","@id":"https:\/\/consutic.com\/?page_id=4322#primaryimage","url":"https:\/\/consutic.com\/wp-content\/uploads\/2024\/11\/logo-huawei-letras-negras.png","contentUrl":"https:\/\/consutic.com\/wp-content\/uploads\/2024\/11\/logo-huawei-letras-negras.png","width":3391,"height":742},{"@type":"BreadcrumbList","@id":"https:\/\/consutic.com\/?page_id=4322#breadcrumb","itemListElement":[{"@type":"ListItem","position":1,"name":"Portada","item":"https:\/\/consutic.com\/"},{"@type":"ListItem","position":2,"name":"Productos","item":"https:\/\/consutic.com\/?page_id=3899"},{"@type":"ListItem","position":3,"name":"Conectividad"}]},{"@type":"WebSite","@id":"https:\/\/consutic.com\/#website","url":"https:\/\/consutic.com\/","name":"CONSUTIC","description":"Innovando servicios y soluciones para su empresa","publisher":{"@id":"https:\/\/consutic.com\/#organization"},"potentialAction":[{"@type":"SearchAction","target":{"@type":"EntryPoint","urlTemplate":"https:\/\/consutic.com\/?s={search_term_string}"},"query-input":{"@type":"PropertyValueSpecification","valueRequired":true,"valueName":"search_term_string"}}],"inLanguage":"es"},{"@type":"Organization","@id":"https:\/\/consutic.com\/#organization","name":"CONSUTIC","url":"https:\/\/consutic.com\/","logo":{"@type":"ImageObject","inLanguage":"es","@id":"https:\/\/consutic.com\/#\/schema\/logo\/image\/","url":"https:\/\/consutic.com\/wp-content\/uploads\/2024\/06\/logo-horizontal.png","contentUrl":"https:\/\/consutic.com\/wp-content\/uploads\/2024\/06\/logo-horizontal.png","width":1182,"height":289,"caption":"CONSUTIC"},"image":{"@id":"https:\/\/consutic.com\/#\/schema\/logo\/image\/"}}]}},"_links":{"self":[{"href":"https:\/\/consutic.com\/index.php?rest_route=\/wp\/v2\/pages\/4322","targetHints":{"allow":["GET"]}}],"collection":[{"href":"https:\/\/consutic.com\/index.php?rest_route=\/wp\/v2\/pages"}],"about":[{"href":"https:\/\/consutic.com\/index.php?rest_route=\/wp\/v2\/types\/page"}],"author":[{"embeddable":true,"href":"https:\/\/consutic.com\/index.php?rest_route=\/wp\/v2\/users\/2"}],"replies":[{"embeddable":true,"href":"https:\/\/consutic.com\/index.php?rest_route=%2Fwp%2Fv2%2Fcomments&post=4322"}],"version-history":[{"count":73,"href":"https:\/\/consutic.com\/index.php?rest_route=\/wp\/v2\/pages\/4322\/revisions"}],"predecessor-version":[{"id":6745,"href":"https:\/\/consutic.com\/index.php?rest_route=\/wp\/v2\/pages\/4322\/revisions\/6745"}],"up":[{"embeddable":true,"href":"https:\/\/consutic.com\/index.php?rest_route=\/wp\/v2\/pages\/3899"}],"wp:attachment":[{"href":"https:\/\/consutic.com\/index.php?rest_route=%2Fwp%2Fv2%2Fmedia&parent=4322"}],"curies":[{"name":"wp","href":"https:\/\/api.w.org\/{rel}","templated":true}]}}